se 10
69
-12 (base 6) to base 15
-8
Convert -1100 (base 2) to base 8.
-14
0 (base 3) to base 7
0
-28 (base 11) to base 2
-11110
Convert 0 (base 7) to base 10.
0
67 (base 14) to base 5
331
-6 (base 7) to base 8
-6
-8 (base 12) to base 4
-20
What is 1 (base 3) in base 10?
1
Convert 5 (base 10) to base 11.
5
What is 1 (base 5) in base 2?
1
Convert 3 (base 11) to base 10.
3
Convert 1101 (base 2) to base 11.
12
Convert -17 (base 16) to base 15.
-18
103 (base 9) to base 11
77
1120 (base 5) to base 4
2200
What is -2 (base 11) in base 9?
-2
Convert -11 (base 12) to base 4.
-31
What is -245 (base 9) in base 13?
-128
Convert 10 (base 4) to base 16.
4
-11 (base 3) to base 16
-4
Convert 0 (base 5) to base 12.
0
Convert 5 (base 16) to base 8.
5
120 (base 4) to base 5
44
Convert -145 (base 6) to base 7.
-122
Convert -2 (base 6) to base 16.
-2
Convert 14 (base 9) to base 8.
15
Convert -6 (base 11) to base 8.
-6
What is -12 (base 7) in base 6?
-13
What is -21 (base 11) in base 4?
-113
-15 (base 10) to base 14
-11
Convert 9b (base 15) to base 2.
10010010
What is 6 (base 11) in base 2?
110
Convert -10011 (base 4) to base 13.
-171
Convert 24 (base 5) to base 4.
32
Convert 111 (base 2) to base 11.
7
14 (base 15) to base 11
18
-4 (base 10) to base 8
-4
What is 1402 (base 6) in base 16?
16a
What is 2 (base 16) in base 2?
10
104 (base 10) to base 12
88
-25 (base 9) to base 12
-1b
Convert 10 (base 8) to base 14.
8
-65 (base 16) to base 6
-245
8 (base 16) to base 9
8
What is 2 (base 13) in base 15?
2
What is -241 (base 9) in base 5?
-1244
-2 (base 9) to base 8
-2
What is -135 (base 7) in base 11?
-69
What is -311 (base 5) in base 2?
-1010001
Convert -62 (base 15) to base 6.
-232
-52 (base 7) to base 6
-101
What is 1121 (base 3) in base 15?
2d
-1a (base 14) to base 16
-18
What is 56 (base 11) in base 15?
41
What is a2 (base 12) in base 16?
7a
Convert 2021 (base 3) to base 8.
75
Convert 11 (base 9) to base 5.
20
What is -2 (base 8) in base 6?
-2
101000 (base 2) to base 7
55
Convert 1 (base 8) to base 10.
1
What is 3 (base 4) in base 2?
11
What is 11101 (base 2) in base 7?
41
Convert 8 (base 11) to base 5.
13
Convert 4 (base 9) to base 2.
100
Convert 2 (base 11) to base 10.
2
-ac (base 16) to base 4
-2230
What is 4 (base 9) in base 15?
4
-102 (base 4) to base 15
-13
What is -4 (base 10) in base 8?
-4
What is -74 (base 13) in base 5?
-340
e (base 15) to base 16
e
Convert -6a (base 15) to base 16.
-64
132 (base 16) to base 11
259
2020 (base 3) to base 4
330
What is 35 (base 12) in base 16?
29
10 (base 9) to base 4
21
-136 (base 10) to base 5
-1021
What is -40 (base 15) in base 16?
-3c
What is 2 (base 12) in base 10?
2
Convert 4 (base 9) to base 12.
4
What is -82 (base 10) in base 9?
-101
Convert 21 (base 5) to base 9.
12
Convert 21 (base 9) to base 15.
14
Convert -2 (base 10) to base 3.
-2
Convert 8 (base 9) to base 3.
22
Convert -74 (base 11) to base 6.
-213
What is -3 (base 15) in base 5?
-3
What is 2 (base 9) in base 2?
10
-25 (base 9) to base 13
-1a
Convert 1 (base 4) to base 12.
1
-31 (base 8) to base 16
-19
204 (base 10) to base 8
314
4 (base 10) to base 7
4
What is -141 (base 5) in base 12?
-3a
What is -1 (base 2) in base 13?
-1
-2c (base 15) to base 16
-2a
What is 5 (base 10) in base 8?
5
What is 1 (base 9) in base 10?
1
What is -1022 (base 7) in base 5?
-2414
-188 (base 12) to base 14
-13a
31a (base 11) to base 5
3014
24 (base 7) to base 16
12
What is 18 (base 14) in base 15?
17
What is 5 (base 6) in base 10?
5
What is 9 (base 13) in base 15?
9
-1100110 (base 2) to base 5
-402
0 (base 16) to base 3
0
What is 1 (base 5) in base 12?
1
-3 (base 11) to base 12
-3
Convert -12c (base 14) to base 11.
-1a5
Convert -4 (base 16) to base 6.
-4
6 (base 14) to base 7
6
Convert 3 (base 9) to base 16.
3
Convert 66 (base 16) to base 12.
86
Convert -11010 (base 2) to base 3.
-222
What is 30 (base 5) in base 16?
f
Convert 10123 (base 4) to base 10.
283
Convert -4 (base 14) to base 6.
-4
Convert 11 (base 4) to base 2.
101
Convert -19 (base 11) to base 10.
-20
0 (base 4) to base 9
0
Convert -19 (base 10) to base 15.
-14
What is -38 (base 9) in base 2?
-100011
What is -2 (base 6) in base 7?
-2
Convert 99 (base 12) to base 3.
11100
Convert 9 (base 13) to base 16.
9
-1 (base 14) to base 5
-1
What is 3 (base 16) in base 11?
3
Convert 0 (base 12) to base 2.
0
Convert 0 (base 3) to base 14.
0
-1 (base 13) to base 3
-1
Convert -253 (base 10) to base 15.
-11d
Convert -4 (base 10) to base 8.
-4
Convert 1 (base 8) to base 11.
1
Convert a9 (base 14) to base 12.
105
What is -62 (base 15) in base 7?
-161
Convert -421 (base 5) to base 13.
-87
Convert 2 (base 3) to base 4.
2
Convert 127 (base 8) to base 12.
73
What is 1 (base 8) in base 13?
1
Convert 9 (base 13) to base 4.
21
Convert 29 (base 10) to base 16.
1d
What is 33 (base 9) in base 11?
28
What is 12 (base 4) in base 5?
11
What is 11d (base 14) in base 5?
1343
Convert -1 (base 14) to base 6.
-1
-3 (base 6) to base 2
-11
-164 (base 8) to base 2
-1110100
-1110011 (base 2) to base 4
-1303
What is -28 (base 13) in base 3?
-1021
What is 32 (base 5) in base 7?
23
What is -40 (base 7) in base 6?
-44
-22 (base 12) to base 3
-222
Convert 10 (base 9) to base 4.
21
6 (base 13) to base 8
6
-5 (base 11) to base 4
-11
What is -2 (base 10) in base 16?
-2
bf (base 16) to base 6
515
41 (base 8) to base 4
201
What is 3 (base 8) in base 9?
3
Convert -1b (base 14) to base 4.
-121
Convert 3 (base 6) to base 2.
11
Convert 12 (base 15) to base 7.
23
-28 (base 13) to base 12
-2a
Convert 10 (base 4) to base 6.
4
Convert 63 (base 7) to base 5.
140
31 (base 9) to base 13
22
-74 (base 11) to base 16
-51
Convert -3 (base 15) to base 7.
-3
What is -a (base 13) in base 11?
-a
Convert -10000 (base 2) to base 16.
-10
What is 100011 (base 2) in base 10?
35
What is -27 (base 11) in base 12?
-25
What is 65 (base 7) in base 9?
52
Convert 1011 (base 4) to base 8.
105
-12 (base 5) to base 8
-7
-15 (base 8) to base 3
-111
11 (base 5) to base 13
6
-18 (base 13) to base 11
-1a
1 (base 13) to base 8
1
What is 64 (base 7) in base 5?
141
What is -1 (base 10) in base 4?
-1
Convert -3 (base 9) to base 8.
-3
Convert -12 (base 12) to base 11.
-13
12 (base 6) to base 15
8
What is 5 (base 13) in base 4?
11
Convert -101 (base 9) to base 16.
-52
What is -35 (base 8) in base 5?
-104
What is 76 (base 13) in base 7?
166
Convert 0 (base 2) to base 11.
0
Convert 10 (base 2) to base 10.
2
What is 19 (base 10) in base 4?
103
What is 6 (base 7) in base 11?
6
What is -1 (base 2) in base 11?
-1
10210 (base 3) to base 12
86
-210 (base 3) to base 2
-10101
Convert -7 (base 9) to base 5.
-12
-72 (base 8) to base 9
-64
-4a (base 13) to base 15
-42
What is 14 (base 8) in base 10?
12
What is 16 (base 9) in base 16?
f
Convert -177 (base 9) to base 3.
-12121
353 (base 6) to base 13
ab
Convert -10100 (base 2) to base 14.
-16
1 (base 12) to base 5
1
Convert 2 (base 6) to base 8.
2
10101111 (base 2) to base 10
175
Convert 8 (base 14) to base 8.
10
Convert 84 (base 13) to base 8.
154
51 (base 14) to base 11
65
6 (base 7) to base 11
6
Convert -121 (base 5) to base 15.
-26
What is -113 (base 4) in base 7?
-32
What is -8 (base 16) in base 4?
-20
What is 13 (base 8) in base 9?
12
-5 (base 16) to base 5
-10
2a (base 15) to base 6
104
What is -61 (base 12) in base 2?
-1001001
Convert -1 (base 15) to base 2.
-1
Convert -3 (base 12) to base 16.
-3
Convert -3 (base 14) to base 11.
-3
What is 4 (base 9) in base 8?
4
What is 3 (base 8) in base 14?
3
Convert 1b2 (base 13) to base 9.
378
-6 (base 15) to base 2
-110
What is -100100 (base 2) in base 15?
-26
What is 130 (base 7) in base 16?
46
Convert -10 (base 5) to base 8.
-5
-4 (base 14) to base 5
-4
-4c (base 13) to base 3
-2101
What is 10011 (base 3) in base 13?
67
What is 103 (base 8) in base 14?
4b
What is 131 (base 16) in base 7?
614
Convert 1 (base 13) to base 11.
1
What is -146 (base 8) in base 7?
-204
Convert -22 (base 14) to base 9.
-33
1 (base 15) to base 6
1
-4 (base 15) to base 7
-4
What is 3a (base 16) in base 2?
111010
Convert -4 (base 10) to base 3.
-11
4 (base 12) to base 13
4
What is -12 (base 4) in base 2?
-110
What is 5a (base 12) in base 16?
46
What is -5 (base 11) in base 9?
-5
Convert 28 (base 13) to base 16.
22
What is -5 (base 8) in base 7?
-5
What is